 What is the units digit of k?
7
Let c(r) be the third derivative of -r**5/60 + 19*r**4/24 - 11*r**3/3 - 4*r**2. What is the tens digit of c(15)?
3
Suppose r - 20 = -r. Let h = r - 4. Suppose -o + h = v, 4*o - 30 = -o - v. What is the units digit of o?
6
Let m(s) = 15*s**2 - 1. Let p be m(-1). Suppose -5*q + 5*y = -75, -33 - p = -3*q + 4*y. What is the units digit of q?
3
Let u(d) = d**2 - 1. Let q be u(1). Let s = -8 + 7. Let p = q - s. What is the units digit of p?
1
Let r = -46 - -67. Suppose 0*j = -j + r. What is the tens digit of j?
2
Suppose -5*g + 3*g + 8 = 0. Suppose -3*x + g*x - 14 = 0. What is the units digit of x?
4
Suppose -z = -0*z - 12. Suppose -3*n = -x - 40 - z, 2*n + 2*x = 40. What is the tens digit of n?
1
Let u(d) be the third derivative of d**6/120 - d**5/12 - d**4/12 + d**3/3 + d**2. Let f be u(4). What is the tens digit of 1/(2 + 42/f)?
1
Suppose -5*l = 4*t - 0*t - 14, l + 2*t = 4. Suppose -q = l*q + 15. Let i(b) = -b**3 - 5*b**2 + 1. What is the units digit of i(q)?
1
What is the units digit of 376/20 - (-4)/(-5)?
8
Let o(m) = -185*m**3 + 3*m**2 - 2. What is the units digit of o(-1)?
6
Let t = 37 - 61. What is the tens digit of (-1)/((3 - 1)/t)?
1
Suppose 0 = -4*l + 27 - 3. Suppose -1 = 5*w - l. Suppose -5*s + 26 = w. What is the units digit of s?
5
Let h = -45 + 147. What is the units digit of h?
2
Let j(d) = d**2 + 3*d + 1. What is the tens digit of j(-6)?
1
Suppose 5*z - 26 = 3*z. Suppose -z = -2*t + 3. What is the units digit of t?
8
Suppose 0*n - 2*n = 0. Suppose 2*s - 52 = -3*z + s, -z + 3*s + 34 = n. What is the tens digit of z?
1
Suppose -5*x + 80 - 20 = -5*g, -2*g = -6. Suppose -40 + x = -b. What is the tens digit of b?
2
Let s(n) = -n**3 + 13*n**2 - 12*n + 3. Let m be s(12). Suppose -4*r + y = -88, 0 = m*r + 5*y - 31 - 12. What is the units digit of r?
1
Let i be (-3)/(-6)*-2*-5. Suppose i*s - 2*n = 155, 3*s + 44 = 2*n + 133. What is the tens digit of s?
3
Suppose -3*t + 18 = 3. Suppose 0 = t*a - 55 - 5. What is the tens digit of a?
1
Let s(u) = 5*u**2 + 20*u - 22. Let f(x) = 9*x + x - 9 + 3*x**2 - 2. Let w(n) = -7*f(n) + 4*s(n). What is the units digit of w(8)?
5
Let i(s) = -s**2 + 8*s + 2. Suppose 0 = 4*a - 39 + 7. What is the units digit of i(a)?
2
Let v = 270 - 142. What is the hundreds digit of v?
1
Suppose 2*s + 272 = -2*y, 2*y - 2*s + 257 = s. Let o = 27 + y. What is the units digit of (-4)/(-10) + o/(-10)?
1
Let l(f) = 2*f**3 + f**2 + 5*f - 9. Let k(p) = -3*p**3 - 3*p**2 - 11*p + 17. Let r(m) = -3*k(m) - 5*l(m). What is the units digit of r(5)?
9
Let d be (12 + -15)*(-32 + -1). Let w = -47 + d. What is the tens digit of w?
5
Let u(c) = c**2 - c - 2. Let g be u(-2). Suppose 2*n = 3*w + 22, g*w - 6 - 10 = 0. What is the units digit of n?
7
Suppose -59*d = -62*d + 444. What is the tens digit of d?
4
Let f(r) = r**3 + 4*r**2 - 5*r - 1. Let a be f(-5). Let h be ((-10)/30)/(a/15). Let s = 12 + h. What is the tens digit of s?
1
Let b(a) = -a**3 + 5*a**2 + 11*a - 5. Let k be b(7). Let z = 15 - k. What is the units digit of z?
1
Suppose 3*w + 0*g + 5*g = -36, 3*g = 0. Let o = w - -22. What is the tens digit of o?
1
Let p be (-1)/(2*(-3)/12). Let j be 30 - p/6*0. Let n = j - 21. What is the units digit of n?
9
Suppose 2*i = 6 + 4, -3*d - 3*i = -126. What is the units digit of d?
7
Suppose 0 = -m - 3*b - 4, 3*m + 2*b - 14 = -40. Let k = m - -25. What is the units digit of k?
5
Let s(b) be the third derivative of b**5/60 + b**4/3 - b**3/2 - 2*b**2. What is the units digit of s(-10)?
7
Let z = 10 + -5. Suppose 0*y = -l + 2*y + 6, z*l + 3*y = 17. What is the units digit of l?
4
Let u(g) = -g**3 + 0*g - 13*g - 13*g**2 + g + 14. What is the units digit of u(-12)?
4
Suppose 5*y = 2*c + 14, -y + 3 + 7 = -4*c. Suppose 2*v = -y, 5*x - 5*v = x + 9. What is the units digit of x?
1
Suppose 3*z = 1 + 2. Let a(f) = 4*f**2 + 2*f - 1. Let x be a(z). What is the units digit of 2/(-4)*(-10)/x?
1
Suppose -2*b - 224 = -6*b. What is the tens digit of b?
5
Let n be -3 + (-1 - -1*4). Suppose -m + 5 + n = 0. What is the units digit of m?
5
Let s = 1 + 2. Suppose s*q + q - 96 = 0. What is the tens digit of ((-5)/(-2))/(3/q)?
2
Let k(x) = -x**2 + 9*x - 2. Let i be k(8). Let u be 3*(-8)/(-30)*-5. What is the tens digit of (-10)/u*i*1?
1
Suppose -k = -0*k. Let g = 0 - k. Suppose d - 2 = -n, -2*n + 0*n - 10 = g. What is the units digit of d?
7
Let c = 290 - -14. What is the tens digit of c?
0
Let d(r) = r + 3. Let x be d(-3). Let s(n) = x*n - n - n**3 + 7*n - 6*n**2. What is the units digit of s(-7)?
7
Suppose -2*o - 5*f = -70 - 23, -2*f + 264 = 5*o. What is the tens digit of o?
5
Suppose 17*f - 18*f = -208. What is the tens digit of f?
0
Suppose -4*u = -3*u - 28. What is the tens digit of u?
2
Let a = -52 - -37. Let x be (66/10)/(3/a). What is the units digit of -1 + x/(-3) + -2?
8
Let l = 2 + -1. Let v(i) = -i**3 + i - l + 5 + 5*i**2 - 2. What is the units digit of v(5)?
7
Let x(l) = -l + 6. Let i be x(5). Let u be (2 - i)/((-5)/(-15)). Suppose 0*q + 12 = -3*q, 0 = -2*j + u*q + 14. What is the units digit of j?
1
Suppose -2*c = -0*c - 22. What is the tens digit of c?
1
Let j = 23 + 137. What is the hundreds digit of j?
1
Let z(t) = 6*t - 12. Let i(v) = -v. Let n(m) = -5*i(m) - z(m). What is the units digit of n(6)?
6
What is the tens digit of (-46 - -2)/(4 + -5)?
4
Let r(b) = 6*b**3 - 8 + 2*b + 6 + 3 + b**2. Let c be r(-1). What is the tens digit of (0 + 1)/(c/(-66))?
1
Suppose -3*o - 2 = -8. Suppose o*h + 3*h + 2*w - 75 = 0, 0 = -5*h - 3*w + 80. What is the tens digit of h?
1
Let a = 7 - -19. What is the units digit of a?
6
Let q = 63 + -35. What is the units digit of 20/7*q/8?
0
What is the units digit of 886/18 + (-2)/9?
9
Let z = 196 + -84. What is the hundreds digit of z?
1
Suppose 0 = w + w - 70. Suppose 0 = -4*z - z + w. Let y(m) = -m + 11. What is the units digit of y(z)?
4
Let u = 19 - 27. Let z be (-12)/(-1) + u/4. Suppose -4*m + 6 = -z. What is the units digit of m?
4
Let u = 17 + 18. What is the units digit of u?
5
Let m = 1 - 37. What is the tens digit of (1 - -17)*m/(-54)?
1
Suppose -3*n = 4*r - 20, -2*n - 2 = -3*r - n. Suppose 33 = 2*p + 4*l - 53, -3*p + r*l = -121. What is the units digit of p?
1
Let k(j) = -96*j + 7. What is the units digit of k(-1)?
3
Suppose o - 47 = 14. What is the units digit of o?
1
Let g(d) = -d + 6. Let n be g(-7). What is the units digit of (-1)/3 + n/3?
4
Let t = 3 - -16. What is the tens digit of t?
1
Let o = -121 - -295. What is the hundreds digit of o?
1
Let j(n) = 2*n**2 - 3*n - 3. Let m be j(-1). Suppose -g - 51 = -4*z, -3*g = -g - m. What is the units digit of z?
3
Let t = -3 - -3. Suppose t = -4*u + 3*u + 4. Suppose -5*j = u*g - 42, -15 = -5*j + 2*g + 9. What is the units digit of j?
6
Let r = 30 + -22. Suppose -r + 103 = 5*j - q, -q = 0. What is the tens digit of j?
1
Let t = 61 - 22. Suppose -3*s + 12 = -t. What is the units digit of s?
7
Let i(x) = x**2 + 5*x - 4. Let w be 2/((-6)/3) - 5. What is the units digit of i(w)?
2
Suppose 0 = -d - 5*z + 27, -5*d + 5*z + 33 = -d. Suppose -2*r + r = d. Let h = -7 - r. What is the units digit of h?
5
Let v be (-3)/2*(-124)/3. Suppose -3*g + 2*l + 47 = 0, -3*l = -g - 3*g + v. What is the tens digit of g?
1
Let p = 144 + -87. What is the units digit of p?
7
Let s(l) = 2*l**2 - 4*l - 13. What is the tens digit of s(8)?
8
Let l(v) = -v**3 + 8*v**2 - 9*v - 8. Let n be l(7). What is the units digit of 4*-3*n/12?
2
Let t = -163 - -281. What is the tens digit of t?
1
Let r(s) = s**3 + 12*s**2 - 13*s + 2. What is the units digit of r(-13)?
2
Let l = -9 - -3. Let j = l - -7. What is the units digit of (3 + -4)*(0 - j)?
1
Let c be 52/6*(-9)/(-6). Let q = -8 + c. What is the units digit of q?
5
Let s(v) = -v + 12. Let m(d) = -48 - 8 + 4*d + 7. Let k(y) = -2*m(y) - 9*s(y). What is the units digit of k(11)?
1
Suppose -6*y = -4*y + 2. What is the units digit of (19 + y)*(-10)/(-15)?
2
Suppose -r = 3*r + 2*b, -3*b - 3 = 3*r. What is the units digit of 33/4 + r/(-4)?
8
What is the units digit of 3/(-2)*2/(2/(-2))?
3
Let l = 62 + -26. What is the tens digit of l?
3
Let s(p) = p + 9. Let x be s(-3). Suppose 149 = 5*k - x. What is the tens digit of k?
3
Let c(y) = 5 - y + 2*y + 4. Let s be c(-8). What is the tens digit of 9 + (-3)/((-3)/s)?
1
Suppose -3*s + 311 = 